= 5284 - 2108. What is the units digit of x?
6
Suppose 49 = -3*t - 2*q, 0*t - 5*q - 40 = 2*t. Let f be (4/8)/((-3)/(-6)) - t. Suppose k + 0*y = 3*y + 132, f = -4*y. What is the hundreds digit of k?
1
Let r = -24699 - -33715. What is the units digit of r?
6
Suppose -3*p - 3*y + 1926 = 0, -8*p - 1921 = -11*p - 4*y. Let u = p + -381. What is the units digit of u?
6
Let w(l) = -49*l**3 - 2*l**2 - 88*l + 19. What is the tens digit of w(-10)?
9
Let v(k) = 7*k**3 - 38*k**2 - 147*k - 48. Let j(n) = -2*n**3 + 13*n**2 + 48*n + 16. Let w(m) = 10*j(m) + 3*v(m). What is the tens digit of w(-12)?
2
Let u(d) = 2473*d - 22. Let h be u(4). Suppose 4*r = r + 2*a + h, -2*a = 2*r - 6580. Suppose -6*n - 8*n = -r. What is the tens digit of n?
3
Suppose 3*u - 12283 = 4*y, 2*y - 4101 = -0*u - u. What is the tens digit of u?
9
Let z = -28 + 32. Suppose 5*n = -4*f + 19, 2*n + 0*n = -z*f + 10. What is the units digit of 2 - (-2 + (-1 - f))?
6
Let u be 12/(-36) - 322/(-3). Suppose -l + u + 4307 = -2*o, 2*l - 11036 = 5*o. What is the tens digit of 0 + 2 - (o/(-4))/(-8)?
7
Suppose -81*k + 430570 - 81865 = 0. What is the thousands digit of k?
4
Suppose 0 = 2*y + 3*s - 14722, -6*y - 3*s - 14060 = -58190. What is the units digit of y?
2
Let u = 81 + -73. Suppose 0 = 7*o - 3*o - u, 682 = 2*i + 3*o. What is the hundreds digit of i?
3
Suppose -4 = g, -4*a + 10*g + 81016 = 9*g. What is the ten thousands digit of a?
2
Let h(a) = 6*a**3 - 10*a**2 + 23*a + 79. What is the hundreds digit of h(15)?
4
Let q(d) = d**2 - 2*d - 15. Let m be q(-3). Suppose 13*t + m*t = 5070. What is the hundreds digit of t?
3
Let b(f) = 1676*f + 361. What is the hundreds digit of b(19)?
2
What is the tens digit of ((-4)/(-34) + 51340/867)*120?
2
What is the thousands digit of (-18)/36 + -2 + 113196/8?
4
Let b = 7 - 3. Suppose -r = -b*r + 6. What is the hundreds digit of 5/r*(-690)/(-15)?
1
Let m(j) = 3*j**2 - 53*j - 443. What is the units digit of m(-31)?
3
Suppose -3*o = 17*o - 80. What is the tens digit of o/(-6) - (7 - (-3453)/(-9))?
7
Let z(c) = 130*c**2 - 188*c - 2445. What is the ten thousands digit of z(-13)?
2
Let x(z) = 1056*z**2 - 7*z + 27. What is the thousands digit of x(3)?
9
Suppose 7*q = 3*q - 12, 0 = v + 5*q - 17. Let f = 36 - v. What is the units digit of 62 - (f - (3 + -2))?
9
Let w(q) = -13*q**3 + 9*q**2 - 17*q - 25. What is the ten thousands digit of w(-12)?
2
Suppose 5806 = -8*n + 23390. What is the units digit of n?
8
Let w = 731 - -999. Suppose 3*k - 3*n = -n + w, -5*k = -n - 2881. Suppose 0 = 5*v - 20, 2*l = 6*l + 2*v - k. What is the hundreds digit of l?
1
Let x = -18172 + 29856. What is the thousands digit of x?
1
Let g = -30 - -4. Let p = g - -30. Suppose -x - 70 = -f - 4*x, -p*f - x + 313 = 0. What is the tens digit of f?
7
Let n(y) = -14*y + 2*y**2 - 7*y**2 + 24*y + 31. Let v(f) = 4*f**2 - 11*f - 32. Let g(c) = 3*n(c) + 4*v(c). What is the hundreds digit of g(21)?
1
Suppose 0 = -242*s + 243*s - 16295. Suppose -29*w = s - 53357. What is the units digit of w?
8
Let a be (-15)/(-6)*3*2. Suppose -5*r + a + 0 = 0. Suppose -4*n + r*d + 233 = 0, -2*d - 171 = -3*n + d. What is the tens digit of n?
6
Let y = -740 + 3326. Suppose 4*w + 2072 = 4*x, x = -4*x + 3*w + y. What is the hundreds digit of x?
5
Let k(x) = x - 6. Let w be k(10). Suppose 735 = 3*j - w*a, -2*j + 475 = -4*a - 19. What is the units digit of j?
1
Suppose 2*i = -4*a + 5640, 4*i + 4*a - 3*a = 11252. Let m = 4353 - i. What is the thousands digit of m?
1
Suppose 9*i - 72 = 4*i - 2*h, h + 84 = 5*i. Suppose -7*r = -5*r - i. Suppose 0 = -r*n + 1737 - 441. What is the tens digit of n?
6
Let a = 107 - -157. Let b = 378 - a. Suppose 2*c - b = 138. What is the hundreds digit of c?
1
Let w = -36 - -33. Let p be 2 + w/(-5 - -2). Suppose -4*y = -0*c + p*c - 276, 2*c - 161 = 5*y. What is the units digit of c?
8
Suppose 0 = 4*s - 8 + 36. What is the hundreds digit of (1 + s)/(-6*5/2760)?
5
Suppose -12 = -s - s. Let c(i) = s*i + 72 - 2*i - 67. What is the tens digit of c(4)?
2
Let z = -153 + 175. What is the tens digit of (5 - 38)/(z/6 - 4)?
9
Suppose 2*i + 7*s + 7347 - 24456 = 0, -s - 42717 = -5*i. What is the hundreds digit of i?
5
Suppose -12*n = -8*n + 2*a - 128, 2*a - 35 = -n. Suppose -17*z = -n*z + 10234. What is the hundreds digit of z?
7
Let l = 44065 - 23174. What is the ten thousands digit of l?
2
Suppose -18*u + 76 = -14*u. Let o(a) = -a**3 + 7 + 13 - u - 6*a**2 - 7*a. What is the units digit of o(-6)?
3
Let s = -2795 - -2798. Let f be (-1 - (1 - -9))/(-1). Let r = s + f. What is the units digit of r?
4
Suppose 3*w + 4*m - 10428 = 0, 0*m = w + 4*m - 3484. Suppose 5*x = -862 + w. What is the hundreds digit of x?
5
Let n = -47931 + 81165. What is the tens digit of n?
3
Let b be (-18)/2*-2*(-45)/(-10). What is the tens digit of 1846/3 - 27/b?
1
Let r = 1716 - 1071. Suppose -5*l + r = 5*z, 71 + 49 = z + 4*l. What is the units digit of (z/15 - 4)/(3/70)?
2
Let u = -161 + 160. What is the tens digit of (226 - 6) + 0 + u?
1
Let k = -58507 + 97653. What is the units digit of k?
6
Let r(b) = b - 2. Let s(c) = 10*c + 5. Let n(z) = 2*r(z) + s(z). Let v(u) = -25*u - 2. Let x(h) = 5*n(h) + 2*v(h). What is the units digit of x(4)?
1
What is the ten thousands digit of 16/6 + (-5760)/2592*157452/(-10)?
3
Let r be (2/(-8))/(-7 + (-6662)/(-952)). Let j = r - -4. What is the tens digit of j?
2
Let m(p) = 50*p**2 + 2263*p + 4. What is the units digit of m(-58)?
0
Let b = 735 - 735. Let p(v) = 13 - 3*v - 1 + v + 30. What is the tens digit of p(b)?
4
Suppose -4*t = 2*r - 15088, 26211 = 3*r - 5*t + 3590. What is the units digit of r?
2
Let y(a) = -44*a + 5 + 1 - 4 + 1. Let b(f) = -88*f + 7. Let q(h) = -3*b(h) + 5*y(h). What is the tens digit of q(2)?
8
Let t(y) = -34*y - 434. Let i be t(-13). Suppose -i*r = -5672 - 896. What is the units digit of r?
1
Suppose -3*s - 11 = -32. Let c(n) be the third derivative of n**5/60 - n**4/4 - n**3/2 + 30*n**2 - n. What is the units digit of c(s)?
4
Suppose -5*a + m + 43 = 0, 2*m + 8 = 2*a - 3*m. Suppose 0 = -5*z + a*z + 684. Let x = -108 - z. What is the tens digit of x?
6
Let g = -28487 + 49249. What is the thousands digit of g?
0
Let z(b) = 1453*b - 810. What is the tens digit of z(8)?
1
Let x(m) = -m**3 - 3*m**2 + 11*m + 6. Let p be x(-5). Let t be p/5 - (-91)/(-5). What is the tens digit of t/(-4)*(-40)/(-15)?
1
Let j(c) = 3 - 3*c**2 + 7*c - c**2 - 15*c**2 + 9*c + c**3. What is the units digit of j(19)?
7
Let u(i) = 7*i + 6*i - 100 - 3*i + 34*i. What is the units digit of u(17)?
8
Let f be 6/1 - (7 - 2 - 1). Suppose f*l + 5*q - 18 - 91 = 0, 5*l - 313 = q. What is the units digit of l?
2
Let q(o) = -o**3 - 3. Let z be q(-2). Let h(r) = 4*r**3 - 5*r**2 + r + 6. What is the tens digit of h(z)?
8
Suppose -83*y + 74*y + 203868 = 0. What is the hundreds digit of y?
6
Let y(w) = 18*w - 2. Suppose 92 = 4*j + 84. What is the units digit of y(j)?
4
Let c be ((-12)/9)/((32/12)/(-4)). Suppose 0 = -v + 3*a + c*a + 942, -2*v + 4*a = -1914. Suppose 7*f - 587 = v. What is the hundreds digit of f?
2
Let a = -12720 - -27772. What is the ten thousands digit of a?
1
Suppose -3*r - 5*z + 73317 = 0, -2*r - z + 122195 = 3*r. Suppose -34*m + r = 1251. What is the units digit of m?
2
Let w be 9/24 + (-554)/(-16). Let u = w + 33. Suppose -17*l + 21*l = u. What is the tens digit of l?
1
Suppose 0 = -4*n + 3*d + 8 - 35, -4*n - 5*d - 19 = 0. Let v be 632/n*(-3)/2. Let o = v + -61. What is the tens digit of o?
9
Suppose -4*q + 12 = -2*t - 4, 3*q = 4*t + 22. Suppose -f + 3039 = 5*k, -4*k - q*f = -3*k - 606. What is the hundreds digit of k?
6
Suppose 51*q - 436520 = 36*q - 110495. What is the ten thousands digit of q?
2
Let a be ((-36)/8)/((-6)/4). Suppose -l = -a, -27 = 2*u + 7*l - 4*l. Let w = 75 - u. What is the units digit of w?
3
Let s be (-3556)/(-84) - (-4)/6. Suppose -s*m + 4326 = -37*m. What is the hundreds digit of m?
7
Suppose -5*h - 2*u = -1065, 3*u - 106 = 2*h - 551. Let q be 43 - (-1*2)/(-2). Suppose 3*p = d - 61 + h, q = p + 2*d. What is the units digit of p?
0
Let m = 2625 - 1513. What is the tens digit of m?
1
Suppose 4*x - 14 + 2 = 0. Suppose 5*m - x = 12. What is the hundreds digit of -3 + -1*(m - 2)*-139?
1
Suppose -2 = 2*p, h + 1523 = -2*p - p. Let s = h - -2157. Suppose -s = 8*l - 2133. What is the hundreds digi